f 6262.
2, 31, 101
List the prime factors of 4459.
7, 13
What are the prime factors of 25094?
2, 12547
List the prime factors of 63.
3, 7
What are the prime factors of 1150?
2, 5, 23
What are the prime factors of 595?
5, 7, 17
What are the prime factors of 1126?
2, 563
List the prime factors of 1404.
2, 3, 13
List the prime factors of 261.
3, 29
List the prime factors of 14851.
14851
List the prime factors of 6350.
2, 5, 127
What are the prime factors of 101529?
3, 29, 389
List the prime factors of 2915.
5, 11, 53
List the prime factors of 4013.
4013
What are the prime factors of 55845?
3, 5, 17, 73
What are the prime factors of 7624?
2, 953
List the prime factors of 775.
5, 31
List the prime factors of 57190.
2, 5, 7, 19, 43
List the prime factors of 51827.
51827
List the prime factors of 34024.
2, 4253
List the prime factors of 23664.
2, 3, 17, 29
What are the prime factors of 64473?
3, 21491
List the prime factors of 38975.
5, 1559
What are the prime factors of 172463?
19, 29, 313
What are the prime factors of 12432?
2, 3, 7, 37
What are the prime factors of 1144?
2, 11, 13
What are the prime factors of 1685?
5, 337
What are the prime factors of 26577?
3, 2953
List the prime factors of 111.
3, 37
List the prime factors of 23110.
2, 5, 2311
List the prime factors of 20328.
2, 3, 7, 11
List the prime factors of 87827.
71, 1237
List the prime factors of 1557.
3, 173
What are the prime factors of 15701?
7, 2243
What are the prime factors of 5833?
19, 307
List the prime factors of 29383.
29383
What are the prime factors of 22887?
3, 2543
What are the prime factors of 19665?
3, 5, 19, 23
List the prime factors of 1087.
1087
What are the prime factors of 16741?
16741
List the prime factors of 595.
5, 7, 17
What are the prime factors of 27562?
2, 13781
List the prime factors of 6875.
5, 11
List the prime factors of 12930.
2, 3, 5, 431
List the prime factors of 3042.
2, 3, 13
What are the prime factors of 2029?
2029
What are the prime factors of 28829?
127, 227
What are the prime factors of 550?
2, 5, 11
List the prime factors of 71234.
2, 35617
List the prime factors of 2735.
5, 547
What are the prime factors of 42494?
2, 21247
List the prime factors of 2504.
2, 313
What are the prime factors of 39571?
7, 5653
List the prime factors of 121675.
5, 31, 157
List the prime factors of 14233.
43, 331
List the prime factors of 933.
3, 311
List the prime factors of 1632.
2, 3, 17
What are the prime factors of 1620?
2, 3, 5
What are the prime factors of 9690?
2, 3, 5, 17, 19
List the prime factors of 4287.
3, 1429
What are the prime factors of 20415?
3, 5, 1361
List the prime factors of 51525.
3, 5, 229
List the prime factors of 1197.
3, 7, 19
List the prime factors of 59028.
2, 3, 4919
What are the prime factors of 13810?
2, 5, 1381
What are the prime factors of 797?
797
List the prime factors of 13986.
2, 3, 7, 37
List the prime factors of 15830.
2, 5, 1583
List the prime factors of 1629.
3, 181
List the prime factors of 55133.
13, 4241
List the prime factors of 1764.
2, 3, 7
What are the prime factors of 1653?
3, 19, 29
What are the prime factors of 395?
5, 79
List the prime factors of 16652.
2, 23, 181
List the prime factors of 9932.
2, 13, 191
List the prime factors of 853.
853
What are the prime factors of 20167?
7, 43, 67
List the prime factors of 1601.
1601
What are the prime factors of 469?
7, 67
List the prime factors of 1181.
1181
List the prime factors of 69873.
3, 23291
What are the prime factors of 20889?
3, 11, 211
List the prime factors of 905.
5, 181
What are the prime factors of 73073?
7, 11, 13, 73
List the prime factors of 9579.
3, 31, 103
List the prime factors of 291.
3, 97
List the prime factors of 1400.
2, 5, 7
List the prime factors of 5919.
3, 1973
What are the prime factors of 1235?
5, 13, 19
List the prime factors of 1874.
2, 937
List the prime factors of 6222.
2, 3, 17, 61
List the prime factors of 1710.
2, 3, 5, 19
List the prime factors of 1196.
2, 13, 23
List the prime factors of 7758.
2, 3, 431
List the prime factors of 1423.
1423
List the prime factors of 42.
2, 3, 7
List the prime factors of 61582.
2, 41, 751
What are the prime factors of 559?
13, 43
What are the prime factors of 1970?
2, 5, 197
List the prime factors of 4183.
47, 89
What are the prime factors of 16170?
2, 3, 5, 7, 11
What are the prime factors of 2238?
2, 3, 373
List the prime factors of 101001.
3, 131, 257
List the prime factors of 2400.
2, 3, 5
What are the prime factors of 132195?
3, 5, 7, 1259
What are the prime factors of 5254?
2, 37, 71
List the prime factors of 2121.
3, 7, 101
What are the prime factors of 260?
2, 5, 13
List the prime factors of 2034.
2, 3, 113
List the prime factors of 9678.
2, 3, 1613
List the prime factors of 38607.
3, 17, 757
What are the prime factors of 85?
5, 17
List the prime factors of 65035.
5, 13007
What are the prime factors of 6967?
6967
What are the prime factors of 10639?
10639
List the prime factors of 235.
5, 47
List the prime factors of 6733.
6733
List the prime factors of 212.
2, 53
List the prime factors of 28537.
28537
List the prime factors of 2344.
2, 293
What are the prime factors of 8029?
7, 31, 37
List the prime factors of 4053.
3, 7, 193
What are the prime factors of 3285?
3, 5, 73
What are the prime factors of 27741?
3, 7, 1321
List the prime factors of 1854.
2, 3, 103
What are the prime factors of 1101?
3, 367
List the prime factors of 28381.
101, 281
What are the prime factors of 26123?
151, 173
What are the prime factors of 5026?
2, 7, 359
List the prime factors of 4877.
4877
What are the prime factors of 1833?
3, 13, 47
What are the prime factors of 80363?
80363
List the prime factors of 6773.
13, 521
What are the prime factors of 8008?
2, 7, 11, 13
What are the prime factors of 9437?
9437
List the prime factors of 258.
2, 3, 43
What are the prime factors of 7820?
2, 5, 17, 23
List the prime factors of 5918.
2, 11, 269
What are the prime factors of 1472?
2, 23
What are the prime factors of 446?
2, 223
What are the prime factors of 37905?
3, 5, 7, 19
What are the prime factors of 8225?
5, 7, 47
List the prime factors of 3542.
2, 7, 11, 23
List the prime factors of 733.
733
List the prime factors of 9594.
2, 3, 13, 41
What are the prime factors of 102332?
2, 25583
What are the prime factors of 6303?
3, 11, 191
List the prime factors of 8990.
2, 5, 29, 31
List the prime factors of 21207.
3, 7069
What are the prime factors of 27432?
2, 3, 127
List the prime factors of 85740.
2, 3, 5, 1429
What are the prime factors of 42103?
71, 593
What are the prime factors of 130?
2, 5, 13
List the prime factors of 1962.
2, 3, 109
List the prime factors of 133.
7, 19
What are the prime factors of 5533?
11, 503
What are the prime factors of 8506?
2, 4253
What are the prime factors of 101941?
7, 14563
List the prime factors of 571.
571
What are the prime factors of 2027?
2027
What are the prime factors of 10016?
2, 313
What are the prime factors of 3972?
2, 3, 331
What are the prime factors of 1480?
2, 5, 37
List the prime factors of 18592.
2, 7, 83
What are the prime factors of 2517?
3, 839
List the prime factors of 117649.
7
What are the prime factors of 155006?
2, 17, 47, 97
What are the prime factors of 85?
5, 17
List the prime factors of 4810.
2, 5, 13, 37
List the prime factors of 7443.
3, 827
List the prime factors of 47031.
3, 61, 257
What are the prime factors of 26481?
3, 7, 13, 97
What are the prime factors of 1181?
1181
What are the prime factors of 14203?
7, 2029
What are the prime factors of 3838?
2, 19, 101
List the prime factors of 5627.
17, 331
List the prime factors of 1316.
2, 7, 47
List the prime factors of 542.
2, 271
What are the prime factors of 792?
2, 3, 11
What are the prime factors of 1049?
1049
List the prime factors of 708.
2, 3, 59
List the prime factors of 8253.
3, 7, 131
What are the prime factors of 371?
7, 53
List the prime factors of 291.
3, 97
List the prime factors of 20821.
47, 443
What are the prime factors of 2423?
2423
What are the prime factors of 1979?
1979
What are the prime factors of 180?
2, 3, 5
List the prime factors of 76049.
113, 673
What are the prime factors of 4626?
2, 3, 257
List the prime factors of 4444.
2, 11, 101
What are the prime factors of 69631?
179, 389